 Let l(o) = -o**3 - o + 2. Determine l(p).
2
Let a = -20 + 39. Suppose 0 = 5*k + b + 7, 3*b - a = k - 8. Let y(u) = -u**3 - 2*u**2 - u - 2. What is y(k)?
0
Let o(x) be the third derivative of -x**6/30 + x**5/60 + x**4/24 + x**2. Suppose -i - 10 = -2*a, -4*a - 23 = i - 1. Let n be (-4)/6*(-21)/i. Determine o(n).
4
Let r(u) = 2*u**2 - 7*u - 4. Let k be r(4). Let f(l) = -5 + l + 1 - 6*l**2 + 3 + k*l. Suppose -4*d + 4 = -5*s - 15, 0 = -4*s - 12. Determine f(d).
-6
Let r = -2 - -10. Let i be (r/(-16))/((-2)/12). Let d(y) = -1 - 24*y + 22*y - i. Determine d(-4).
4
Suppose -9*j = -13*j + 5*k + 23, -j = k + 1. Let i(p) = -p**3 - 5*p**2 + 6*p + 1. Let l be i(-6). Let f(c) = 0 + 0 - l - c. What is f(j)?
-3
Let q(z) = -495*z**2 + 490*z**2 + 0 - 1 + z. Suppose -5 = -13*s + 8*s. Calculate q(s).
-5
Let j(p) be the third derivative of -p**6/20 + p**5/60 + p**4/24 + p**2. Let m be 60/18*((-114)/10 - -3). Let f = -29 - m. Calculate j(f).
6
Suppose -9*f + 3*f - 36 = 0. Let g(h) = 2*h**2 + 8*h. What is g(f)?
24
Suppose 233 = 3*u - 37. Let l be 1/5 - (-342)/u. Let j(o) = -o**2 + 5*o - 4. Determine j(l).
0
Suppose -5*r = 4*x - 36, -x - 2*x - 4 = -4*r. Let d(s) = -2*s - 3 + 4*s**2 + 0 - 3*s**2 - r*s. Determine d(8).
13
Let j(t) = 3*t**2 + 33*t + 29. Let c be j(-10). Let z(q) = -24*q**3 - 2*q - 1. Give z(c).
25
Let n(l) = -2*l + 4. Let k be 4/12 - 196/(-42). What is n(k)?
-6
Suppose 11*l = 9*l. Let k(u) = l*u**2 + u - u**2 + 3*u**2 - 1. Suppose -q - q - 4 = 0. Determine k(q).
5
Let d(w) = -w**3 + 9*w**2 - w - 2. Let x = -46 + 51. Let j(k) = k**2. Let s(h) = x*j(h) - d(h). Give s(2).
-4
Suppose 3*n = u - 6, 11 - 1 = u - 5*n. Let y = 2 - u. Let g(t) = -1 + 8*t + 9*t**2 + 9*t**y - 4*t - 17*t**2. What is g(-2)?
-5
Let v(p) be the second derivative of 7*p**3/6 + 2*p**2 + p. Let u be 12/8 + 30/20. What is v(u)?
25
Let k(j) = -4*j + j + 5*j + 10 - 3*j. Give k(5).
5
Let o(l) = -4*l**2 + 2. Suppose -11*i = 25*i - 72. Give o(i).
-14
Let j(r) = r**3 - 4*r**2 - 3*r + 6. Let y(d) = -2*d**2 - 24*d - 13. Let a be y(-11). Let x = a + -15. Let q be ((-8)/x)/2*6. Determine j(q).
-6
Suppose q = 2*q. Let c(d) = -3*d - 6. Let k be (-9)/(-15) + 4/10. Let m(v) = v - 1. Let z(p) = k*c(p) + 2*m(p). Give z(q).
-8
Let v = 23 - 28. Let h(x) = -4*x**3 + 15*x**2 - 7*x - 7. Let f = 6 + -8. Let w(n) = n**3 - 5*n**2 + 2*n + 2. Let y(p) = f*h(p) - 7*w(p). What is y(v)?
0
Let w(n) = n**3 - 9*n**2 + 9*n + 10. Let i be w(8). Suppose -58 = 5*c - i. Let h be (4/c)/(2/12). Let m(r) = -2*r. What is m(h)?
6
Let f(u) be the second derivative of -u**5/10 - u**4/4 - u**3/6 - u. Let j = 870 + -872. Determine f(j).
6
Let f = -77 - -84. Let h(r) be the third derivative of -r**5/60 + 3*r**4/8 - 5*r**3/3 - r**2. Calculate h(f).
4
Let f be (10/(-2))/(2 + -3). Suppose 4*n = 9 - f. Let q(x) = 3*x**2 - x + 1. Determine q(n).
3
Let b(r) = r**2 + 3*r + 4. Let p be (-2*(-3)/(-4))/(36/96). What is b(p)?
8
Let k(i) = -2*i**2 - 18*i - 24. Let d(p) = p**2 + 9*p + 11. Let s(w) = 7*d(w) + 3*k(w). Give s(-8).
-3
Let y be 1134/504 + 7/4. Let a(p) = -2*p**2 + 7*p - 4. Calculate a(y).
-8
Let q(i) = 10*i**2 - 11*i**2 + 5*i**2 - 5*i**2 + 2 + 2*i. Determine q(6).
-22
Let g(b) = 2*b**2 + 6*b + 10. Let f(w) = 18 - 18 + 6*w + 9 + w**2. Let p(x) = -3*f(x) + 2*g(x). Calculate p(8).
9
Let z(a) be the second derivative of -a**4/12 - a**3/2 - 3*a + 108. Determine z(-8).
-40
Suppose b - 11 + 9 = 0. Suppose -1 = k + b*p - 4, -3*p + 4 = 2*k. Let j(w) be the second derivative of -7*w**4/4 + w**2/2 - w. Give j(k).
-20
Suppose 2 - 18 = -2*a. Suppose -2 - a = 5*j, 0 = 5*t - 2*j - 39. Let k(z) = -8*z**2 - 24 - t*z + 36 - z**3 - 18. Calculate k(-7).
-6
Let j(f) be the first derivative of f**4/4 + 5*f**3/3 - 9*f**2/2 - 8*f + 138. Determine j(-6).
10
Let v(x) = -11*x**2 - 1. Let r(j) = -13*j + 38. Let c be r(3). What is v(c)?
-12
Let l(m) be the second derivative of 0 + 1/6*m**3 - 3/4*m**4 - 41*m + 1/2*m**2. Calculate l(-1).
-9
Let r(f) be the second derivative of 2*f**3/3 - f. Let u be r(-1). Let y(i) = 172*i - 2 + i**3 - 174*i - 2*i**2 + 5*i**2 + 4. Give y(u).
-6
Let k(b) = -556 + 7*b - 553 + 1108. Determine k(4).
27
Let d(q) = -q**2 + 8*q - 2. Let y be d(5). Let n(x) be the third derivative of x**5/60 - x**4/2 - 17*x**3/6 + 2*x**2 - 152*x. What is n(y)?
-4
Let a(v) = 2. Let o(s) = s - 1. Let p(q) = 2*a(q) + o(q). Let c be 1/(3*2/(-18)). Determine p(c).
0
Let p be 1 + (3 + -8 - 2). Let w(l) = -l - 7. Let x be 2/(-7) + (-32)/(-14). Let a(s) = 1. Let d(b) = x*a(b) + w(b). Give d(p).
1
Let y(f) = -15*f + 9. Let i(q) = -13*q + 13 + 4 + 4*q. Let s(g) = -4*g + 9. Let t(u) = 4*i(u) - 7*s(u). Let d(x) = -11*t(x) + 6*y(x). Calculate d(-1).
1
Let a(q) = q - 5. Let t(w) = -13*w - 153. Let b be t(-12). Calculate a(b).
-2
Let h(g) = g**2 + 21*g + 2. Let x be h(-21). Let k be x/(-7) + 4/14. Let j(d) = d**3 + d**2 + 2. Give j(k).
2
Let g(d) = -d + 4*d + 178*d**2 - 179*d**2 + 4*d + 9 - 2. What is g(6)?
13
Let w(h) = -h**2 + h - 1. Suppose -3*n = 9 - 3. Let m be (9/6)/((-3)/n). Let v(q) = 2*q**3 + q**2 - q. Let c be v(m). Determine w(c).
-3
Let i(j) be the third derivative of -j**5/60 - j**4/6 + j**3 + 2*j**2 + 93*j. Determine i(4).
-26
Let p(s) = s**3 - 5*s**2 + s - 5. Let m be 1830/42 - (-12)/28. Let v = -39 + m. Calculate p(v).
0
Suppose -3*d = -2*u - 5, -d + 4*d - 35 = -4*u. Let b be d/(25/20) - 9. Let w(t) = -t**2 - 3*t + 1. Calculate w(b).
-9
Suppose -7*s + 32 = s. Let x(v) = -471 + 471 + v - s*v. Let z be (-8)/6 + (-2)/3. What is x(z)?
6
Let h be ((-3)/(-9))/((-2)/18). Let t = 7 + h. Let d(r) = -r - 1. Let a(l) = -4*l - 3. Let b(w) = 4*a(w) - 14*d(w). What is b(t)?
-6
Let s(t) be the second derivative of t**3/6 - 7*t**2/2 - 2*t - 40. Give s(5).
-2
Suppose z + 3*z - 4 = 0. Let s be -5*(2 - 2 - z). Let t(a) be the first derivative of -a**2/2 + 7*a + 474. What is t(s)?
2
Let u(p) = p**3 + 4*p**2 - 5*p + 3. Let g be u(-5). Let j(a) = g*a - 33*a**2 + 4 + 39*a**2 - 3*a**3 + 4*a**3. Give j(-5).
14
Let t(q) = -q - 1. Let w be t(5). Let y = 2 - w. Suppose -5*n = -7 - y. Let k(v) = -v + 4. Calculate k(n).
1
Let n(u) = -u**3 - 3*u**2 + 9*u + 18. Let x be n(-4). Let q(j) = j**2 - j - 5. Determine q(x).
1
Let i(n) be the first derivative of n**6/120 - n**5/12 + n**4/12 + 2*n**3/3 + 7*n**2/2 - 6. Let p(b) be the second derivative of i(b). Calculate p(4).
-4
Suppose 9 - 21 = 2*u. Let l(c) = 20*c - 5. Let w(m) = -7*m + 2. Let a(z) = 4*l(z) + 11*w(z). Let x(n) = -4*n - 3. Let v(j) = -5*a(j) - 4*x(j). Give v(u).
-4
Let i be 30*(-12)/(-48) + (-8 - -1). Let n(q) be the first derivative of 6 + 4*q + i*q**2. What is n(-5)?
-1
Let y(d) = 2*d**2 + 4*d + 3. Let s(a) = a + 1. Let u(x) = x**3 - 7*x**2 - 21*x + 5. Let w(n) = 2*s(n) + u(n). Let z be w(9). Determine y(z).
3
Let f(z) = -30 + 2*z - z + 3 + 50. Calculate f(-15).
8
Let y(w) = 17*w**2 + 10*w - 12. Let j(n) = 12*n**2 + 6*n - 8. Let m(c) = -7*j(c) + 5*y(c). What is m(-9)?
5
Let a(w) = -24*w**3 + 20*w**2 + 7*w - 9. Let o(p) = -13*p**3 + 11*p**2 + 4*p - 5. Let g(z) = -4*a(z) + 7*o(z). What is g(2)?
29
Let a(h) be the second derivative of 2/3*h**3 + 3/2*h**2 + 0 + 14*h. Give a(-3).
-9
Let n(j) be the first derivative of -j**3/3 + 11*j**2/2 - 7*j - 938. Determine n(9).
11
Let v(p) be the third derivative of -p**6/120 - 8*p**5/15 - 11*p**4/8 - 11*p**3 - 786*p**2. Calculate v(-31).
-4
Let a be 34/(-9) - (8/14)/(1836/714). Let m(w) be the second derivative of -w**3/3 - 3*w**2/2 + w. Determine m(a).
5
Let a(o) = -750*o**2 - 2 + 372*o**2 + 2*o + 374*o**2. Give a(1).
-4
Suppose f - 2*f = -3. Let t(d) = -18*d + 17. Let s(v) = -3*v + 3. Let g(x) = -11*s(x) + 2*t(x). Give g(f).
-8
Suppose -3*i = 2*a - i + 4, 0 = 5*a + 3*i + 12. Let b be a/2*(-4)/3. Let c(q) = 2*q**3 - 3*q**2 + 2. What is c(b)?
6
Suppose 42*m - 47*m + 30 = 0. Let u(c) = 8*c + 4. Let s(y) = 3*y + 1. Let q(j) = -11*s(j) + 4*u(j). Give q(m).
-1
Let d(p) = -p**2 - p + 12. Let k be d(0). Suppose 4*o = -2*m, 0 = -0*m - 4*m - 4*o + k. Let t(u) = -m - u + u**3 - 6 + 11 + 6*u**2. Determine t(-6).
5
Let h(m) = m**2 + 8*m + 10. Suppose -2*v = -2*d - 2, v + v = -d + 11. Suppose -11 = v*p + 17. Give h(p).
3
Let w be 51/6 - 10/4. Let q(z) = -4*z + 8. Determine q(w).
-16
Let g be 13/(-30) + (-231)/(-385). Let c(h) be the second derivative of -5*h**2 - 4*h + g*h**3 - 1/12*h**4 + 0. Calcul